{"id":41,"date":"2020-09-03T22:49:57","date_gmt":"2020-09-03T22:49:57","guid":{"rendered":"https:\/\/seguroparapymes.com.mx\/productos\/?page_id=41"},"modified":"2020-09-07T23:27:48","modified_gmt":"2020-09-07T23:27:48","slug":"preguntas-frecuentes-seguros-para-pymes","status":"publish","type":"page","link":"https:\/\/seguroparapymes.com.mx\/productos\/preguntas-frecuentes-seguros-para-pymes\/","title":{"rendered":"Preguntas Frecuentes Seguros para PYMES"},"content":{"rendered":"<h3>Preguntas Frecuentes Seguros para Pymes<\/h3>\n<p>A continuaci\u00f3n te presentamos algunas de las preguntas frecuentes sobre Seguros para Pymes que te pueden interesar.<\/p>\n<h4>\u00bfQue es una PYME?<\/h4>\n<p>Pyme es el acr\u00f3nimo de peque\u00f1a y mediana empresa. Se trata de la empresa mercantil, industrial o de Servicios que tiene un n\u00famero reducido de trabajadores y que registra ingresos moderados.<\/p>\n<h2>\u00bfCuantas PYMES hay en M\u00e9xico?<\/h2>\n<p>De acuerdo con datos del Instituto Nacional de Estad\u00edstica y Geograf\u00eda, en M\u00e9xico existen aproximadamente 4 millones 15 mil unidades empresariales, m\u00e1s del 95 % son PYMES que generan 52% del Producto Interno Bruto (PIB) y 72% del empleo en el pa\u00eds. Las micro, peque\u00f1as y medianas empresas (PYMES), constituyen la columna vertebral de la econom\u00eda nacional por su alto impacto en la generaci\u00f3n de empleos y en la producci\u00f3n nacional.<\/p>\n<h2>\u00bfHay Seguros para PYMES?<\/h2>\n<p>S\u00ed, todas las empresas tienen la necesidad de proteger su patrimonio, as\u00ed como la salud y la vida de sus trabajadores.Para ello, hay seguros espec\u00edficos contra incendio, terremoto, fen\u00f3menos hidrometeorol\u00f3gicos, robo, asalto, responsabilidad civil, etc., sin embargo, las Aseguradoras han creado un seguro empresarial para PYMES que integra en una sola p\u00f3liza la protecci\u00f3n para muchos de los riesgos a lo que est\u00e1 expuesta como por ejemplo:<\/p>\n<ul>\n<li>Incendio de Edificio y Contenidos<\/li>\n<li>Da\u00f1os por Terremoto a Edificio y Contenidos<\/li>\n<li>Rotura de Cristales y Anuncios Luminosos<\/li>\n<li>Rotura de maquinaria y equipo electr\u00f3nico<\/li>\n<li>Robo y Asalto<\/li>\n<li>Responsabilidad Civil General y Responsabilidad Civil Productos, etc.<\/li>\n<\/ul>\n<p>As\u00ed mismo existen coberturas para prestaciones al personal como Seguro de Vida Grupo o bien Seguro Colectivo de Gastos M\u00e9dicos .<\/p>\n<h4>\u00bfC\u00f3mo y d\u00f3nde puedo contratar un Seguro Pyme para mi empresa?<\/h4>\n<p>Puedes llenar el formulario que aparece en la parte inferior y nos comunicaremos contigo.<\/p>\n<p>Conoceremos tus necesidades particulares de protecci\u00f3n, te proporcionaremos la informaci\u00f3n sobre los distintos productos que respondan a ellas y te presentaremos las ofertas de las distintas Aseguradoras de las que somos agentes para que puedas seleccionar la mejor opci\u00f3n.<\/p>\n<p><a href=\"https:\/\/seguroparapymes.com.mx\/productos\/\">Te puede interesar conocer los diversos productos de seguros para pyme que tenemos para tu empresa<\/a><\/p>\n<p>Si necesitas informaci\u00f3n o requieres contratar cualquier otro tipo de seguro visita <a href=\"http:\/\/proventum.com.mx\">www.proventum.com.mx<\/a><\/p>\n<link rel=\"stylesheet\" type=\"text\/css\" href=\"https:\/\/proventum.info\/forms\/css\/forms.css\"><script src=\"https:\/\/www.google.com\/recaptcha\/api.js\"><\/script><script src=\"https:\/\/ajax.googleapis.com\/ajax\/libs\/jquery\/2.1.1\/jquery.min.js\"><\/script><script type=\"text\/javascript\" src=\"https:\/\/proventum.info\/forms\/js\/origen.js\"><\/script><br> <form class=\"forms\" id=\"cotizacion_form\" method=\"POST\" action=\"https:\/\/seguroparapymes.com.mx\/productos\/enviar\/\" id=\"Cotizacion\"><div class=\"contenedor\"><div class=\"full-w\"><p>1.- SELECCIONA EL PRODUCTO DEL QUE SOLICITAS COTIZACI\u00d3N<\/p><select class=\"form-control form-control-lg\" name=\"Seguro\" required><option value=\"Seguro de Accidentes Personales Grupo\">Seguro de Accidentes Personales Grupo<\/option> <option value=\"Seguro de Gastos Medicos Mayores Grupo\">Seguro de Gastos M\u00e9dicos Mayores Grupo<\/option> <option value=\"Seguro para Pymes MAPFRE\">Seguro para Pymes MAPFRE<\/option> <option value=\"Seguro para Pymes AXA\">Seguro para Pymes AXA<\/option> <option value=\"Seguro para Pymes Zurich\">Seguro para Pymes Zurich<\/option> <option value=\"Seguro para Pymes ABA\">Seguro para Pymes ABA<\/option> <option value=\"Seguro de Vida Pymes Insignia Life\">Seguro de Vida Pymes Insignia Life<\/option> <option value=\"Seguro Pyme Consultorios Medicos\">Seguro Pyme Consultorios M\u00e9dicos<\/option> <option value=\"Seguro Pyme para Restaurantes\">Seguro Pyme para Restaurantes<\/option> <option value=\"Seguro Pyme para Gasolineras\">Seguro Pyme para Gasolineras<\/option> <option value=\"Seguro contra Fraudes Pymes AIG\">Seguro contra Fraudes Pymes AIG<\/option> <option value=\"Seguro AIG para Pymes\">Seguro AIG para Pymes<\/option> <option value=\"ARGOS Seguro de Vida Grupo\">ARGOS Seguro de Vida Grupo<\/option> <option value=\"Seguro GMX de Responsabilidad Civil\">Seguro GMX de Responsabilidad Civil<\/option> <option value=\"Seguro Pyme para Transporte\">Seguro Pyme para Transporte<\/option><option value=\"Otros\">Otros<\/option><\/select><\/div><div class=\"full-w\"> <p>2.- DATOS PARA CONTACTO<\/p> <div class=\"mitad-w\"> <input name=\"Nombre\" type=\"text\" class=\"form-control\" id=\"nombre\" placeholder=\"Nombre(s)\" required> <\/div> <div class=\"mitad-w\"> <input name=\"Apellidos\" type=\"text\" class=\"form-control\" id=\"Apellidos\" placeholder=\"Apellidos\" required> <\/div><\/div><div class=\"full-w\"> <div class=\"mitad-w\"> <input name=\"Direccion\" type=\"text\" class=\"form-control\" id=\"direccion\" placeholder=\"Direcci\u00f3n\" required> <\/div> <div class=\"mitad-w\"> <input name=\"Ciudad\" type=\"text\" class=\"form-control\" id=\"Ciudad\" placeholder=\"Ciudad Y Estado\" required> <\/div><\/div><div class=\"full-w\"> <div class=\"mitad-w\"> <input name=\"Tel\" type=\"text\" class=\"form-control\" id=\"Tel\" placeholder=\"Tel\u00e9fono Fijo\" required> <\/div> <div class=\"mitad-w\"> <input name=\"Movil\" type=\"text\" class=\"form-control\" id=\"Movil\" placeholder=\"Tel\u00e9fono M\u00f3vil\" required> <\/div> <div class=\"mitad-w\"> <input type=\"email\" class=\"form-control\" id=\"Email\" placeholder=\"Email\" name=\"Email\" required> <\/div><\/div><div class=\"full-w\"> <p>3.- DATOS DE LA EMPRESA<\/p> <div class=\"mitad-w\"> <input name=\"Empresa\" type=\"text\" class=\"form-control\" id=\"Empresa\" placeholder=\"Empresa\" required> <\/div> <div class=\"mitad-w\"> <input name=\"Actividad\" type=\"text\" class=\"form-control\" id=\"Actividad\" placeholder=\"Actividad\" required> <\/div><\/div> <div class=\"full-w\"> <p>4.- COMENTARIOS<\/p> <textarea class=\"text-a\" id=\"Comentarios\" contenedors=\"3\" name=\"Comentarios\"><\/textarea> <input type=\"hidden\" name=\"Origen\" id=\"Origen\" required readonly=\"readonly\"> <p>*Al enviar este formulario Usted acepta nuestra <a href=\"https:\/\/seguroderesponsabilidadcivil.com.mx\/politica-de-privacidad\/\" target=\"_blank\">POL\u00cdTICA DE PRIVACIDAD<\/a><\/p> <div class=\"g-recaptcha\" data-sitekey=\"6LfraQkTAAAAACYQ-IEM0qbYLmf47Ju7Nzho1Ns0\"><\/div> <input class=\"btn-lg btn btn-outline-danger\" type=\"submit\" name=\"Enviar Solicitud\"><\/input> <\/div><\/div><\/form>\n","protected":false},"excerpt":{"rendered":"<p>Preguntas Frecuentes Seguros para Pymes A continuaci\u00f3n te presentamos algunas de las preguntas frecuentes sobre Seguros para Pymes que te pueden interesar. \u00bfQue es una PYME? Pyme es el acr\u00f3nimo de peque\u00f1a y mediana empresa. Se trata de la empresa&#8230; <a class=\"more-link\" href=\"https:\/\/seguroparapymes.com.mx\/productos\/preguntas-frecuentes-seguros-para-pymes\/\">Seguir leyendo &rarr;<\/a><\/p>\n","protected":false},"author":1,"featured_media":104,"parent":0,"menu_order":0,"comment_status":"closed","ping_status":"closed","template":"template-nosidebar.php","meta":[],"yoast_head":"<!-- This site is optimized with the Yoast SEO plugin v15.6.2 - https:\/\/yoast.com\/wordpress\/plugins\/seo\/ -->\n<title>Preguntas Frecuentes Seguros para PYMES - Seguro Para Pymes<\/title>\n<meta name=\"description\" content=\"Conoce las respuestas de algunas preguntas frecuentes que surgen cuando se quiere contratar Seguros para pymes. Cotiza a trav\u00e9s de Proventum\" \/>\n<meta name=\"robots\" content=\"index, follow, max-snippet:-1, max-image-preview:large, max-video-preview:-1\" \/>\n<link rel=\"canonical\" href=\"https:\/\/seguroparapymes.com.mx\/productos\/preguntas-frecuentes-seguros-para-pymes\/\" \/>\n<meta property=\"og:locale\" content=\"es_ES\" \/>\n<meta property=\"og:type\" content=\"article\" \/>\n<meta property=\"og:title\" content=\"Preguntas Frecuentes Seguros para PYMES - Seguro Para Pymes\" \/>\n<meta property=\"og:description\" content=\"Conoce las respuestas de algunas preguntas frecuentes que surgen cuando se quiere contratar Seguros para pymes. Cotiza a trav\u00e9s de Proventum\" \/>\n<meta property=\"og:url\" content=\"https:\/\/seguroparapymes.com.mx\/productos\/preguntas-frecuentes-seguros-para-pymes\/\" \/>\n<meta property=\"og:site_name\" content=\"Seguro Para Pymes\" \/>\n<meta property=\"article:modified_time\" content=\"2020-09-07T23:27:48+00:00\" \/>\n<meta property=\"og:image\" content=\"https:\/\/seguroparapymes.com.mx\/productos\/wp-content\/uploads\/2020\/09\/Preguntas-Frecuentes-Seguro-de-Vida-opt.jpg\" \/>\n\t<meta property=\"og:image:width\" content=\"800\" \/>\n\t<meta property=\"og:image:height\" content=\"480\" \/>\n<meta name=\"twitter:card\" content=\"summary_large_image\" \/>\n<meta name=\"twitter:label1\" content=\"Tiempo de lectura\">\n\t<meta name=\"twitter:data1\" content=\"2 minutos\">\n<script type=\"application\/ld+json\" class=\"yoast-schema-graph\">{\"@context\":\"https:\/\/schema.org\",\"@graph\":[{\"@type\":\"WebSite\",\"@id\":\"https:\/\/seguroparapymes.com.mx\/productos\/#website\",\"url\":\"https:\/\/seguroparapymes.com.mx\/productos\/\",\"name\":\"Seguro Para Pymes\",\"description\":\"\",\"potentialAction\":[{\"@type\":\"SearchAction\",\"target\":\"https:\/\/seguroparapymes.com.mx\/productos\/?s={search_term_string}\",\"query-input\":\"required name=search_term_string\"}],\"inLanguage\":\"es\"},{\"@type\":\"ImageObject\",\"@id\":\"https:\/\/seguroparapymes.com.mx\/productos\/preguntas-frecuentes-seguros-para-pymes\/#primaryimage\",\"inLanguage\":\"es\",\"url\":\"https:\/\/seguroparapymes.com.mx\/productos\/wp-content\/uploads\/2020\/09\/Preguntas-Frecuentes-Seguro-de-Vida-opt.jpg\",\"width\":800,\"height\":480,\"caption\":\"Preguntas Frecuentes Seguro para Pymes\"},{\"@type\":\"WebPage\",\"@id\":\"https:\/\/seguroparapymes.com.mx\/productos\/preguntas-frecuentes-seguros-para-pymes\/#webpage\",\"url\":\"https:\/\/seguroparapymes.com.mx\/productos\/preguntas-frecuentes-seguros-para-pymes\/\",\"name\":\"Preguntas Frecuentes Seguros para PYMES - Seguro Para Pymes\",\"isPartOf\":{\"@id\":\"https:\/\/seguroparapymes.com.mx\/productos\/#website\"},\"primaryImageOfPage\":{\"@id\":\"https:\/\/seguroparapymes.com.mx\/productos\/preguntas-frecuentes-seguros-para-pymes\/#primaryimage\"},\"datePublished\":\"2020-09-03T22:49:57+00:00\",\"dateModified\":\"2020-09-07T23:27:48+00:00\",\"description\":\"Conoce las respuestas de algunas preguntas frecuentes que surgen cuando se quiere contratar Seguros para pymes. Cotiza a trav\\u00e9s de Proventum\",\"inLanguage\":\"es\",\"potentialAction\":[{\"@type\":\"ReadAction\",\"target\":[\"https:\/\/seguroparapymes.com.mx\/productos\/preguntas-frecuentes-seguros-para-pymes\/\"]}]}]}<\/script>\n<!-- \/ Yoast SEO plugin. -->","_links":{"self":[{"href":"https:\/\/seguroparapymes.com.mx\/productos\/wp-json\/wp\/v2\/pages\/41"}],"collection":[{"href":"https:\/\/seguroparapymes.com.mx\/productos\/wp-json\/wp\/v2\/pages"}],"about":[{"href":"https:\/\/seguroparapymes.com.mx\/productos\/wp-json\/wp\/v2\/types\/page"}],"author":[{"embeddable":true,"href":"https:\/\/seguroparapymes.com.mx\/productos\/wp-json\/wp\/v2\/users\/1"}],"replies":[{"embeddable":true,"href":"https:\/\/seguroparapymes.com.mx\/productos\/wp-json\/wp\/v2\/comments?post=41"}],"version-history":[{"count":6,"href":"https:\/\/seguroparapymes.com.mx\/productos\/wp-json\/wp\/v2\/pages\/41\/revisions"}],"predecessor-version":[{"id":166,"href":"https:\/\/seguroparapymes.com.mx\/productos\/wp-json\/wp\/v2\/pages\/41\/revisions\/166"}],"wp:featuredmedia":[{"embeddable":true,"href":"https:\/\/seguroparapymes.com.mx\/productos\/wp-json\/wp\/v2\/media\/104"}],"wp:attachment":[{"href":"https:\/\/seguroparapymes.com.mx\/productos\/wp-json\/wp\/v2\/media?parent=41"}],"curies":[{"name":"wp","href":"https:\/\/api.w.org\/{rel}","templated":true}]}}